{"id":1805,"date":"2023-08-25T18:20:38","date_gmt":"2023-08-25T15:20:38","guid":{"rendered":"https:\/\/www.traktoriraskused.eu\/?page_id=1805"},"modified":"2023-10-02T18:08:31","modified_gmt":"2023-10-02T15:08:31","slug":"tingimused","status":"publish","type":"page","link":"https:\/\/www.traktoriraskused.eu\/fin\/tingimused\/","title":{"rendered":"Myyntiehdot"},"content":{"rendered":"<p>TrBet O\u00dc (rekisteritunnus 14568780), joka sijaitsee K\u00e4rkna k\u00fclassa, Tarton kunnassa, Tarton l\u00e4\u00e4niss\u00e4, Viro, omistaa verkkokaupan traktoriraskused.eu (j\u00e4ljemp\u00e4n\u00e4 Verkkokauppa).<\/p>\n\n\n\n<h4 class=\"wp-block-heading\"><strong>Myyntisopimuksen voimassaolo, tuote- ja hintatiedot<\/strong><\/h4>\n\n\n\n<p>Myyntiehdot koskevat tavaroiden ostamista Verkkokaupasta. Verkkokaupassa myyt\u00e4vien tuotteiden hinnat on ilmoitettu tuotteiden vieress\u00e4. Hintaan lis\u00e4t\u00e4\u00e4n verot. Haluttaessa lis\u00e4t\u00e4\u00e4n tavaran toimitusmaksu. Tavaran toimitusmaksu riippuu ostajan sijainnista ja toimitustavasta. Tuotteen tiedot l\u00f6ytyv\u00e4t Verkkokaupassa suoraan tuotteen vierest\u00e4.<\/p>\n\n\n\n<h4 class=\"wp-block-heading\"><strong>Tilauksen muodostaminen<\/strong><\/h4>\n\n\n\n<p>Tavaran tilaamiseksi sinun tulee lis\u00e4t\u00e4 haluamasi tuotteet ostoskoriin. Tilauksen viimeistelemiseksi sinun tulee t\u00e4ytt\u00e4\u00e4 vaaditut tietokent\u00e4t ja valita sopiva tuotteen toimitustapa. Maksun m\u00e4\u00e4r\u00e4 n\u00e4kyy sitten n\u00e4yt\u00f6ll\u00e4. Mik\u00e4li tilattua tavaraa ei voida toimittaa tavaran loppumisen vuoksi tai jostain muusta syyst\u00e4, siit\u00e4 ilmoitetaan ostajalle mahdollisimman pian ja maksetut rahat (mukaan lukien tavaran toimituskulut) palautetaan viimeist\u00e4\u00e4n 14 p\u00e4iv\u00e4n kuluessa. ilmoituksen l\u00e4hett\u00e4misen j\u00e4lkeen.<\/p>\n\n\n\n<h4 class=\"wp-block-heading\"><strong>Toimitus<\/strong><\/h4>\n\n\n\n<p>Tavarat l\u00e4hetet\u00e4\u00e4n seuraaviin maihin: Euroopan unionin maat ja erityissopimuksella muut maailman maat. L\u00e4hetyskulut maksaa ostaja. Poikkeustapauksissa sinulla on oikeus toimittaa tavarat enint\u00e4\u00e4n 180 kalenterip\u00e4iv\u00e4n kuluessa.<\/p>\n\n\n\n<h4 class=\"wp-block-heading\"><strong>Peruuttamisoikeus<\/strong><\/h4>\n\n\n\n<p>Tilauksen vastaanottamisen j\u00e4lkeen ostajalla on oikeus perua verkkokaupassa solmittu sopimus 14 p\u00e4iv\u00e4n kuluessa. Peruuttamisoikeus ei koske, jos ostaja on oikeushenkil\u00f6. 14 p\u00e4iv\u00e4n palautusoikeuden k\u00e4ytt\u00e4miseksi tilattua tavaraa ei saa k\u00e4ytt\u00e4\u00e4 muulla tavalla kuin on tarpeen tavaran luonteen, ominaisuuksien ja toimivuuden varmistamiseksi tavalla, joka on mahdollista tavaroiden testaamiseksi fyysinen kauppa. Jos tavaroita on k\u00e4ytetty muuhun tarkoitukseen kuin on tarpeen tavaran luonteen, ominaisuuksien ja toiminnan tarkastamiseksi tai jos niiss\u00e4 on k\u00e4yt\u00f6n tai kulumisen merkkej\u00e4, Verkkokaupalla on oikeus alentaa palautettavaa maksua alennuksen mukaisesti. tavaroiden arvossa. Tuotteen palauttamiseksi sinun on esitett\u00e4v\u00e4 peruuttamisoikeus tavaran ostosta&nbsp;<a href=\"https:\/\/uploads-ssl.webflow.com\/606d887c84f615f26e673155\/609e7331448746e9bbfb7e0d_JM_m41_lisa1.pdf\">eroilmoitus<\/a>&nbsp;ja l\u00e4het\u00e4 se s\u00e4hk\u00f6postitse osoitteeseen info@traktoriraskused.eu viimeist\u00e4\u00e4n 14 p\u00e4iv\u00e4n kuluessa tavaran vastaanottamisesta. Ostaja vastaa tuotteen palautuksesta aiheutuvista kustannuksista, ellei palautuksen syyn\u00e4 ole se, ett\u00e4 palautettava tuote on virheellinen tai puutteellinen. Ostajan on palautettava tavara 14 p\u00e4iv\u00e4n kuluessa hakemuksen j\u00e4tt\u00e4misest\u00e4 tai todistettava, ett\u00e4 h\u00e4n on luovuttanut tavaran tavaran kuljettajalle edell\u00e4 mainitun ajan kuluessa. Palautetun tavaran saatuaan verkkokauppa palauttaa ostajalle v\u00e4litt\u00f6m\u00e4sti, mutta viimeist\u00e4\u00e4n 14 p\u00e4iv\u00e4n kuluessa peruuttamisilmoituksen vastaanottamisesta, kaikki ostajalta sopimuksen mukaiset maksut. Verkkokauppa voi kielt\u00e4yty\u00e4 hyvitt\u00e4m\u00e4st\u00e4, ennen kuin se on vastaanottanut sopimuksen kohteena olevan tuotteen tai kunnes ostaja on toimittanut todisteet palauttaneensa tuotteen sen mukaan, kumpi tapahtuu ensin. Mik\u00e4li ostaja on nimenomaisesti valinnut muun toimitustavan kuin Verkkokaupan tarjoaman halvimman tavanomaisen toimitustavan, Verkkokaupan ei tarvitse palauttaa kuluttajalle tavanomaiseen toimitustapaan liittyv\u00e4\u00e4 hintaa ylitt\u00e4v\u00e4\u00e4 hintaa. Verkkokaupalla on oikeus vet\u00e4yty\u00e4 myynnist\u00e4 ja vaatia ostajalta tavaran palautus, jos tuotteen hinta verkkokaupassa on virheen vuoksi merkitty huomattavasti alle tavaran markkinahinnan.<\/p>\n\n\n\n<h4 class=\"wp-block-heading\"><strong>Oikeus tehd\u00e4 valitus<\/strong><\/h4>\n\n\n\n<p>Verkkokauppa vastaa ostajalle myytyjen tuotteiden sopimusehtojen vastaisuudesta tai virheest\u00e4, joka oli olemassa jo tavaran luovutushetkell\u00e4 ja joka ilmenee kahden vuoden kuluessa tavaran luovuttamisesta ostaja. T\u00e4m\u00e4n ensimm\u00e4isen vuoden aikana tavaran luovuttamisesta ostajalle oletetaan, ett\u00e4 virhe oli olemassa jo tavaran luovutushetkell\u00e4. Verkkokaupan vastuulla on kumota vastaava olettamus. Ostajalla on oikeus ottaa virhetilanteessa yhteytt\u00e4 verkkokauppaan viimeist\u00e4\u00e4n kahden kuukauden kuluessa l\u00e4hett\u00e4m\u00e4ll\u00e4 s\u00e4hk\u00f6postia osoitteeseen info@traktoriraskused.eu. Verkkokauppa ei vastaa virheist\u00e4, jotka ovat ilmenneet sen j\u00e4lkeen, kun tavara on luovutettu ostajalle. Mik\u00e4li Verkkokaupasta ostetuissa tuotteissa on virheit\u00e4, joista Verkkokauppa vastaa, Verkkokauppa korjaa tai vaihtaa viallisen tuotteen. Mik\u00e4li tuotetta ei ole mahdollista korjata tai vaihtaa, verkkokauppa palauttaa ostajalle kaikki kauppasopimukseen liittyv\u00e4t maksut. Verkkokauppa vastaa kuluttajan valitukseen kirjallisesti tai kirjallisen j\u00e4ljent\u00e4misen mahdollistavassa muodossa 15 p\u00e4iv\u00e4n kuluessa.<\/p>\n\n\n\n<h4 class=\"wp-block-heading\"><strong>Suoramarkkinointi ja henkil\u00f6tietojen k\u00e4sittely<\/strong><\/h4>\n\n\n\n<p>Verkkokauppa k\u00e4ytt\u00e4\u00e4 ostajan antamia henkil\u00f6tietoja vain tilauksen k\u00e4sittelyyn ja tavaran l\u00e4hett\u00e4miseen ostajalle. Verkkokauppa v\u00e4litt\u00e4\u00e4 henkil\u00f6tietoja kuljetuspalveluita tarjoaville yrityksille tavaroiden toimittamista varten. Verkkokauppa l\u00e4hett\u00e4\u00e4 ostajalle uutiskirjeit\u00e4 ja tarjouksia ostajan s\u00e4hk\u00f6postiosoitteeseen vain, jos ostaja on ilmoittanut niin halutessaan sy\u00f6tt\u00e4m\u00e4ll\u00e4 s\u00e4hk\u00f6postiosoitteen verkkosivuille ja ilmoittanut haluavansa vastaanottaa suoramainoksia. Ostaja voi milloin tahansa kielt\u00e4yty\u00e4 s\u00e4hk\u00f6postiin l\u00e4hetett\u00e4vist\u00e4 tarjouksista ja uutiskirjeist\u00e4 ilmoittamalla siit\u00e4 meille s\u00e4hk\u00f6postitse tai noudattamalla tarjoukset sis\u00e4lt\u00e4v\u00e4n s\u00e4hk\u00f6postin ohjeita.<\/p>\n\n\n\n<h4 class=\"wp-block-heading\"><strong>Argumenttien ratkaiseminen<\/strong><\/h4>\n\n\n\n<p>Mik\u00e4li ostajalla on verkkokaupasta valituksia, ne tulee l\u00e4hett\u00e4\u00e4 osoitteeseen info@traktoriraskused.eu. Jos ostaja ja Verkkokauppa eiv\u00e4t pysty ratkaisemaan erimielisyytt\u00e4 sopimuksella, ostaja voi valittaa kuluttajariitalautakunnalle. Voit tutustua menettelyehtoihin ja j\u00e4tt\u00e4\u00e4 hakemuksen&nbsp;<a href=\"https:\/\/komisjon.ee\/et\/avalduse-esitamine\">t\u00e4ss\u00e4<\/a>. Kuluttajariitalautakunnan toimivaltaan kuuluu ostajan ja Verkkokaupan v\u00e4lisest\u00e4 sopimuksesta aiheutuvien riitojen ratkaiseminen. Ostajan valituksen k\u00e4sittely komissiossa on maksuton. Ostaja voi k\u00e4\u00e4nty\u00e4 Euroopan unionin kuluttajariitojen ratkaisufoorumin puoleen&nbsp;<a href=\"https:\/\/ec.europa.eu\/consumers\/odr\/main\/index.cfm?event=main.home2.show&amp;lng=ET\">kohti<\/a>.<\/p>\n\n\n\n<p><\/p>","protected":false},"excerpt":{"rendered":"<p>Veebipoe traktoriraskused.eu (edaspidi Veebipood) omanik on TrBet O\u00dc (registrikood 14568780), asukohaga K\u00e4rkna k\u00fcla, Tartu vald, Tartu maakond, Eesti. M\u00fc\u00fcgilepingu kehtivus, kauba- ja hinnainfo M\u00fc\u00fcgitingimused kehtivad Veebipoest kaupade ostmisel.&nbsp;Veebipoes m\u00fc\u00fcdavate toodete hinnad on m\u00e4rgitud toodete juurde. Hinnale lisandub k\u00e4ibemaks. Soovi korral lisandub tasu kauba k\u00e4ttetoimetamise eest.&nbsp;Kauba k\u00e4ttetoimetamise tasu s\u00f5ltub ostja asukohast ning k\u00e4ttetoimetamise viisist.&nbsp;Teave kauba kohta &hellip;<\/p>\n<p class=\"read-more\"> <a class=\"\" href=\"https:\/\/www.traktoriraskused.eu\/fin\/tingimused\/\"> <span class=\"screen-reader-text\">Myyntiehdot<\/span> Lue lis\u00e4\u00e4 &raquo;<\/a><\/p>","protected":false},"author":1,"featured_media":0,"parent":0,"menu_order":0,"comment_status":"closed","ping_status":"closed","template":"","meta":{"site-sidebar-layout":"default","site-content-layout":"","ast-site-content-layout":"default","site-content-style":"default","site-sidebar-style":"default","ast-global-header-display":"","ast-banner-title-visibility":"","ast-main-header-display":"","ast-hfb-above-header-display":"","ast-hfb-below-header-display":"","ast-hfb-mobile-header-display":"","site-post-title":"","ast-breadcrumbs-content":"","ast-featured-img":"","footer-sml-layout":"","theme-transparent-header-meta":"","adv-header-id-meta":"","stick-header-meta":"","header-above-stick-meta":"","header-main-stick-meta":"","header-below-stick-meta":"","astra-migrate-meta-layouts":"set","footnotes":""},"_links":{"self":[{"href":"https:\/\/www.traktoriraskused.eu\/fin\/wp-json\/wp\/v2\/pages\/1805"}],"collection":[{"href":"https:\/\/www.traktoriraskused.eu\/fin\/wp-json\/wp\/v2\/pages"}],"about":[{"href":"https:\/\/www.traktoriraskused.eu\/fin\/wp-json\/wp\/v2\/types\/page"}],"author":[{"embeddable":true,"href":"https:\/\/www.traktoriraskused.eu\/fin\/wp-json\/wp\/v2\/users\/1"}],"replies":[{"embeddable":true,"href":"https:\/\/www.traktoriraskused.eu\/fin\/wp-json\/wp\/v2\/comments?post=1805"}],"version-history":[{"count":9,"href":"https:\/\/www.traktoriraskused.eu\/fin\/wp-json\/wp\/v2\/pages\/1805\/revisions"}],"predecessor-version":[{"id":2293,"href":"https:\/\/www.traktoriraskused.eu\/fin\/wp-json\/wp\/v2\/pages\/1805\/revisions\/2293"}],"wp:attachment":[{"href":"https:\/\/www.traktoriraskused.eu\/fin\/wp-json\/wp\/v2\/media?parent=1805"}],"curies":[{"name":"wp","href":"https:\/\/api.w.org\/{rel}","templated":true}]}}