{"id":1683,"date":"2023-08-25T04:00:44","date_gmt":"2023-08-25T01:00:44","guid":{"rendered":"https:\/\/www.traktoriraskused.eu\/?post_type=product&#038;p=1683"},"modified":"2025-10-08T17:37:14","modified_gmt":"2025-10-08T14:37:14","slug":"metallkestas-raskus","status":"publish","type":"product","link":"https:\/\/www.traktoriraskused.eu\/fin\/tooted\/metallkestas-raskus\/","title":{"rendered":"Paino metallikuoressa"},"content":{"rendered":"","protected":false},"excerpt":{"rendered":"<p>Ylim\u00e4\u00e4r\u00e4ist\u00e4 painoa korkealaatuisena ja tukevassa metallikotelossa ilman ty\u00f6kalulaatikkoa.<br \/>\nPaino kiinnitet\u00e4\u00e4n traktoriin turvallisella ja varmalla kolmipistekiinnikkeell\u00e4, ja haluttaessa on mahdollista lis\u00e4t\u00e4 my\u00f6s traktorimallikohtainen runkokiinnitys.<\/p>\n<p><em>Jos et l\u00f6yd\u00e4 oikeaa valikoimasta, ota yhteytt\u00e4.<\/em><\/p>","protected":false},"featured_media":1907,"template":"","meta":{"site-sidebar-layout":"default","site-content-layout":"default","ast-site-content-layout":"default","site-content-style":"default","site-sidebar-style":"default","ast-global-header-display":"","ast-banner-title-visibility":"","ast-main-header-display":"","ast-hfb-above-header-display":"","ast-hfb-below-header-display":"","ast-hfb-mobile-header-display":"","site-post-title":"","ast-breadcrumbs-content":"","ast-featured-img":"","footer-sml-layout":"","theme-transparent-header-meta":"default","adv-header-id-meta":"","stick-header-meta":"","header-above-stick-meta":"","header-main-stick-meta":"","header-below-stick-meta":"","astra-migrate-meta-layouts":"set"},"product_cat":[57],"product_tag":[],"_links":{"self":[{"href":"https:\/\/www.traktoriraskused.eu\/fin\/wp-json\/wp\/v2\/product\/1683"}],"collection":[{"href":"https:\/\/www.traktoriraskused.eu\/fin\/wp-json\/wp\/v2\/product"}],"about":[{"href":"https:\/\/www.traktoriraskused.eu\/fin\/wp-json\/wp\/v2\/types\/product"}],"version-history":[{"count":3,"href":"https:\/\/www.traktoriraskused.eu\/fin\/wp-json\/wp\/v2\/product\/1683\/revisions"}],"predecessor-version":[{"id":2082,"href":"https:\/\/www.traktoriraskused.eu\/fin\/wp-json\/wp\/v2\/product\/1683\/revisions\/2082"}],"wp:featuredmedia":[{"embeddable":true,"href":"https:\/\/www.traktoriraskused.eu\/fin\/wp-json\/wp\/v2\/media\/1907"}],"wp:attachment":[{"href":"https:\/\/www.traktoriraskused.eu\/fin\/wp-json\/wp\/v2\/media?parent=1683"}],"wp:term":[{"taxonomy":"product_cat","embeddable":true,"href":"https:\/\/www.traktoriraskused.eu\/fin\/wp-json\/wp\/v2\/product_cat?post=1683"},{"taxonomy":"product_tag","embeddable":true,"href":"https:\/\/www.traktoriraskused.eu\/fin\/wp-json\/wp\/v2\/product_tag?post=1683"}],"curies":[{"name":"wp","href":"https:\/\/api.w.org\/{rel}","templated":true}]}}